e -3*v = -v - 12. Suppose j = -r + v, 0*r - 2*r = -4*j. Suppose 6*p = j*p + 16. Let c(y) = y**2 - 4*y - 3. Calculate c(p).
-3
Let f(x) = -x**2 - 22*x + 4*x**2 - 4 + 15*x - 2*x**2. Calculate f(6).
-10
Let h(q) = -q + 2. Let g be 1/3 - (-8)/3. Let m be 4 - (0 + g)/3. Let a be h(m). Let k(j) = -6*j + 1. Calculate k(a).
7
Let f(w) = -2 - 17*w + 11 + 1. Let t(o) = -11*o + 7. Let b(c) = c**3 + 3*c**2 - c + 2. Let k be b(-3). Let j(p) = k*f(p) - 8*t(p). What is j(4)?
6
Let t(k) = -2 - k + k + k**2. Let y be t(2). Suppose -y + 6 = -j. Let d(m) = m**2 + 4*m + 5. Calculate d(j).
5
Let c(y) = -y + 3*y + 1 - 3*y + 0. Determine c(4).
-3
Let l(h) = h**3 + 5*h**2 + 6. Let a(m) = 17*m + 2. Let v be a(-1). Let x = v - -10. Calculate l(x).
6
Let s(u) = -4*u + 13. Let r be s(4). Let t(l) = -l**3 - 3*l**2 - 2*l - 2. What is t(r)?
4
Let a(x) be the first derivative of -2*x**2 - 5*x - 2. Determine a(-4).
11
Let x(c) = -c**2 - 7*c. Let t be x(-6). Let k be 2/(-3)*27/t. Let i(f) = -f**3 - 4*f**2 - 4*f + 1. What is i(k)?
4
Let b(s) = -s**3 + 5*s**2 - 4*s + 15. Let l be b(5). Let k(r) = r**2 + 7*r + 4. Let f(i) = i + 1. Let u(t) = 3*f(t) - k(t). What is u(l)?
-6
Let a(t) be the third derivative of t**4/12 + t**3/2 + 2*t**2. Let r(p) = -p**3 - 4*p**2 + p + 4. Let g be r(-4). Suppose -3*h + 2*h - 2 = g. Give a(h).
-1
Let o(j) be the second derivative of -j**3/6 + 6*j**2 - j. Let h = 23 + -18. Calculate o(h).
7
Let w(t) = 5*t**2 + 6*t + 5. Let u(n) = -4*n**2 - 5*n - 4. Let o(a) = 4*u(a) + 3*w(a). What is o(2)?
-9
Let i(f) = 3*f - f - f + 2*f**3 - 19*f**3. Give i(1).
-16
Let n(v) be the third derivative of -v**6/60 + v**5/30 - v**4/12 + v**3/6 + v**2. Let d be (-2*5/10)/(-1). Determine n(d).
-1
Suppose -5*h = -3*k - 46, -h - 70 = 5*k - 6*h. Let b be (-34)/(-8) - (-3)/k. Let r(v) = -v**2 + 4*v - 3. Determine r(b).
-3
Suppose 2*a - 3*p - 8 = -p, 4*p = 3*a - 13. Let o(d) = -3*d + 1 - 3*d**2 + d**3 + 0*d**3 + 1. Give o(a).
-7
Let k(r) = -r**3 - r - 3. Let v(h) = 3*h**3 - h**2 + 2*h + 7. Let b(j) = 5*k(j) + 2*v(j). Let l be -2*3/(-2 + -1). What is b(l)?
-3
Let p(y) = -y**2 + 2*y + 4. Let g be p(3). Let h = 6 - g. Let n(m) be the first derivative of -m**2/2 - 2*m + 2. Determine n(h).
-7
Let x(b) = -b - 1 + 4*b**2 - 2*b**2 - 1 - 4*b**2. Calculate x(-2).
-8
Let g(j) = 5 - j**3 - 2*j + 3*j**2 + 5 - 9. Give g(2).
1
Let u(m) = -m**2 - 5. Let f(s) = 3*s**2 + 14. Let t(z) = 3*f(z) + 8*u(z). Give t(3).
11
Let v(d) = 9*d - d + d**2 - 4 + 12. Calculate v(-6).
-4
Let f be ((-2)/(-4))/((-1)/(-2)). Let o be 4/3*f*-3. Let n(l) = -l**2 - 4*l + 1. Give n(o).
1
Let c(q) be the first derivative of -1/3*q**3 - 3*q + 3/2*q**2 + 1. Suppose 30 - 18 = 4*t. Determine c(t).
-3
Let f(w) = 3*w**3 - 4*w**2 + 2*w**2 + 3*w**2 + 1 - 4*w**3. Suppose -o + 5*b = 20, -5*o - b = -5 + 1. Calculate f(o).
1
Let b(i) = -i**2 + 2*i + 1. Let l(s) = 4*s**2 - 8*s - 3. Let k(o) = -9*b(o) - 2*l(o). What is k(4)?
5
Suppose 3*j = 11 - 2. Let a(m) = m**2 + 6*m**3 - 2 - 3*m**3 - 4*m**j + 2*m. What is a(2)?
-2
Let s(f) be the second derivative of 3*f**5/10 - f**4/6 + f**3/6 + 8*f. Calculate s(1).
5
Let n = 655 - 661. Let w(t) = 1 - 5*t - 2 + 5 - t**2. What is w(n)?
-2
Let d = 1 - -8. Let j(q) = q**2 - 10*q. Determine j(d).
-9
Let p = -19/24 + 9/8. Let r(d) be the first derivative of 2 + p*d**3 - d - 1/4*d**4 + 0*d**2. Determine r(2).
-5
Let l(c) be the third derivative of -5*c**4/24 + 5*c**3/6 + 7*c**2. Let q(o) = -4*o + 5. Let u(w) = 5*l(w) - 6*q(w). Determine u(0).
-5
Let h(j) = -j**2 - 4*j + 1. Let d be h(-5). Let q(r) = r**3 + 4*r**2 - 2*r - 4. Let u be q(d). Let i(l) = 23*l**2 + 4*l - 22*l**2 + 5 + 0 - 11*l. Give i(u).
-7
Suppose 4*m - 5*m = -3. Let r(v) = -v**3 - 3 + 3*v**2 - 3*v + m. Let d(i) = i**2 + i - 4. Let h be d(-3). Determine r(h).
-2
Let w(t) = -2*t + 3. Let h(m) = m. Let c(y) = -h(y) - w(y). Let s = -7 - -12. What is c(s)?
2
Suppose 35*i + 10 = 33*i. Let u(k) = k**3 + k**2 + 2 + 3*k**2 - 3*k + 4. Give u(i).
-4
Let s be 1 - (3 - 3)/(-4). Let i(r) = 2*r**3 - r**2 + r. Give i(s).
2
Let u(k) be the second derivative of -k**4/12 - k**3/6 + 2*k**2 + 4*k. Let g(f) be the first derivative of u(f). What is g(-3)?
5
Let p(l) = l**2 + 3*l. Let t = -7 - -9. Suppose -t*f + 16 = -6*f. Determine p(f).
4
Let k(m) = -m**3 + 6*m**2 - 2*m - 7. Let v(b) = -b**3 - 5*b**2 - 2*b. Let x be v(-3). Let t be (x/8 + 1)*-10. Give k(t).
8
Let j(c) = 8*c**3 - 2*c - 1. Let v(y) = y**3 - 7*y**2 - y + 6. Let o be v(7). What is j(o)?
-7
Let i(p) be the third derivative of p**6/20 - p**5/60 - p**4/24 + 5*p**2. Give i(-1).
-6
Let a(p) = 17*p - 7. Let n = 9 - 7. Let i(x) = 6 - n - 2 - 8*x + 1. Let c(t) = 6*a(t) + 13*i(t). Calculate c(-4).
5
Let i(n) = n + 2. Suppose 5*g + 14 = 3*g. Determine i(g).
-5
Suppose -o = -4*l - 34, o + 5*l - 52 = -3*o. Suppose -4*d - 6 = -o. Let k(f) = 2*f + 0*f + 0*f. What is k(d)?
6
Let v be 20/(-24)*(-2)/5. Let w(h) be the second derivative of 2*h - 1/2*h**2 + 0 + v*h**3. Calculate w(-1).
-3
Let t(m) be the first derivative of -1/3*m**3 - 7 + 1/4*m**4 + 3*m - 2*m**2. Give t(2).
-1
Let i(t) = -t**3 + 7*t**2 - 5*t - 7. Let r(k) = 5*k + 1. Let d(j) = -10*j - 2. Let b(m) = 2*d(m) + 5*r(m). Let s be b(1). Give i(s).
-1
Let l(z) be the third derivative of z**6/720 - z**5/40 - z**4/4 + 3*z**2. Let b(u) be the second derivative of l(u). Determine b(2).
-1
Let a(h) be the third derivative of -h**8/20160 + h**7/1680 - h**6/720 + h**5/20 - 7*h**2. Let v(r) be the third derivative of a(r). What is v(3)?
-1
Let j(z) = -z. Let r(c) = c. Let g(h) = -2*j(h) - 3*r(h). Let y be g(-3). Let p(v) be the first derivative of v**2/2 + 26. Determine p(y).
3
Let r(s) = -5*s + 6*s**2 + 0*s + 1 - 5*s**2 + 2*s. Let v = 0 - 0. Suppose 2*n + 1 - 3 = v. Give r(n).
-1
Let g(b) = -3*b - 3. Let f be g(-2). Let t(y) = -3*y + 2. What is t(f)?
-7
Let i(y) be the third derivative of y**2 - 1/120*y**6 + 0 + 1/3*y**3 + 1/12*y**5 - 5/24*y**4 + 0*y. Let p be (-3 + 0)/((-3)/4). Calculate i(p).
-2
Let v be (2 - 9)*4/(-14). Let m(r) be the first derivative of -v*r + 3 - 5/2*r**2. Determine m(2).
-12
Let w be 9/6 - 2/(-4). Let f(d) = -2*d**3 + 2*d**2 - 2*d - 1. Give f(w).
-13
Let p(u) = -u**2. Suppose -2*o - 3 = -5*o. What is p(o)?
-1
Let q(o) = -o**3 - 9*o**2 - 9*o - 9. Let k be 110/(-14) - (-4)/(-28). Let d be q(k). Let u(r) = 2*r**3 - r**2. Calculate u(d).
-3
Let k(q) = -q**2 - q - 2. Let m(f) = f**2 + 7*f - 10. Let d be m(-8). What is k(d)?
-4
Let r(d) = 5*d**2 - d - 3 + 0*d + d**3 - 2. Let f be (-29 - -2)*(-1)/3. Let z(m) = m**2 - 9*m - 5. Let u be z(f). Give r(u).
0
Suppose u - 4 + 3 = 0. Let v = 1 + u. Let j(a) = a**2 + a. What is j(v)?
6
Let w be 1*(-3 + 6) + 0. Let a be (0 - (-2 + w)) + 5. Let n(f) = -f**2 + 7*f - 4. What is n(a)?
8
Let y(a) = -2*a**2 + 5*a - 3. Let s(n) = 2*n + 21. Let j(q) = q + 14. Let k(o) = 8*j(o) - 5*s(o). Let l be k(5). Let b be (2 + -6)*l/4. Determine y(b).
-6
Let v(b) = -2 - 1 - b + 4*b**3 + 4. What is v(1)?
4
Suppose -11 + 0 = -5*g + 3*x, -5*g - 2*x = -1. Let a(b) = 10*b**2 + b - 5. Let v(r) = 3*r + 11*r**2 - r - 6 - r. Let j(z) = -6*a(z) + 5*v(z). Give j(g).
-6
Let l(g) = g**3 + 6*g**2 + 2*g + 7. Suppose 0 = -k + y - 3, 0 = -k - y - 3*y - 18. Calculate l(k).
-5
Let g(b) = -2*b + 7. Let x(v) = -8*v**3 - 2*v**2 + 1. Let p be x(-1). What is g(p)?
-7
Let t(s) = 3*s + 12. Let h be t(-3). Let n(m) = m**3 - 3*m**2 - m. What is n(h)?
-3
Let u(b) = 2 + b**2 + 2*b**2 + 0*b**2 - 3*b**3 - 2*b**2 + b. Let y(x) = -16*x**3 + 6*x**2 + 6*x + 11. Let m(v) = 11*u(v) - 2*y(v). Give m(0).
0
Let r(q) be the third derivative of q**5/60 + q**4/8 + 5*q**3/6 + q**2. What is r(-4)?
9
Let v(x) = x**3 - 7*x**2 + 8*x - 3. Suppose -d - 16 = -3*d - f, -2*f = -8. Calculate v(d).
9
Let b(u) = u**2 - 6*u - 3. Let k = 14 - 9. Calculate b(k).
-8
Let p(q) = 3*q + 6 - 18 - 4*q + 0*q. Calculate p(0).
-12
Let n(d) = 11*d**3 - 19*d**2 - 5*d + 27. Let q(y) = -5*y**3 + 9*y**2 + 3*y - 13. Let x(i) = -4*n(i) - 9*q(i). What is x(6)?
3
Let b(w) = w. Let m(i) = i**2 + 7*i. Let l(o) = -6*b(o) + m(o). Let p(a) = 4*a**2 + 4*a - 7. Let f(x) = -5*l(x) + p(x). What is f(0)?
-7
Let c(i) = -i + 2. Let n = 40 + -39. What is c(n)?
1
Let p(u) = -u**2 + 6*u - 1. Let h(m) = -m**2 - 8*m - 7. Let g be (-2)/(-4)*(2 - -8). Suppose 4*t = -g*k - 14, 5*t + 6*k = k - 20. Let w be h(t). Determin